{"id":3658,"date":"2022-05-12T13:16:05","date_gmt":"2022-05-12T13:16:05","guid":{"rendered":"https:\/\/www.indiakabeauty.com\/empresa\/?page_id=3658"},"modified":"2023-07-05T10:11:44","modified_gmt":"2023-07-05T10:11:44","slug":"servicios-de-maquillaje","status":"publish","type":"page","link":"https:\/\/www.indiakabeauty.com\/empresa\/servicios-de-maquillaje\/","title":{"rendered":"SERVICIOS DE MAQUILLAJE"},"content":{"rendered":"<p style=\"text-align: center;\"><span style=\"color: #ffde59;\"><strong>Tienes un evento especial? Cuentas con el Servicio de Maquillaje de INDIAKA BEAUTY!<\/strong><\/span><img decoding=\"async\" style=\"border: none;\" src=\"http:\/\/www.indiakabeauty.com\/empresa\/wp-content\/plugins\/advanced-wp-columns\/assets\/js\/plugins\/views\/img\/1x1-pixel.png\"><\/p>\n\n\n<figure class=\"wp-block-gallery has-nested-images columns-default is-cropped wp-block-gallery-1 is-layout-flex wp-block-gallery-is-layout-flex\">\n<figure class=\"wp-block-image size-large\"><img loading=\"lazy\" decoding=\"async\" width=\"800\" height=\"800\" data-id=\"3696\" src=\"http:\/\/www.indiakabeauty.com\/empresa\/wp-content\/uploads\/2022\/05\/novias-servicio-de-maquillaje-indiaka-beauty-eventos-social-make-up-mua-1-7.png\" alt=\"\" class=\"wp-image-3696\" srcset=\"https:\/\/www.indiakabeauty.com\/empresa\/wp-content\/uploads\/2022\/05\/novias-servicio-de-maquillaje-indiaka-beauty-eventos-social-make-up-mua-1-7.png 800w, https:\/\/www.indiakabeauty.com\/empresa\/wp-content\/uploads\/2022\/05\/novias-servicio-de-maquillaje-indiaka-beauty-eventos-social-make-up-mua-1-7-300x300.png 300w, https:\/\/www.indiakabeauty.com\/empresa\/wp-content\/uploads\/2022\/05\/novias-servicio-de-maquillaje-indiaka-beauty-eventos-social-make-up-mua-1-7-150x150.png 150w, https:\/\/www.indiakabeauty.com\/empresa\/wp-content\/uploads\/2022\/05\/novias-servicio-de-maquillaje-indiaka-beauty-eventos-social-make-up-mua-1-7-768x768.png 768w\" sizes=\"auto, (max-width: 800px) 100vw, 800px\" \/><figcaption class=\"wp-element-caption\"><strong>NOVIAS<\/strong><\/figcaption><\/figure>\n\n\n\n<figure class=\"wp-block-image size-large\"><img loading=\"lazy\" decoding=\"async\" width=\"800\" height=\"800\" data-id=\"3697\" src=\"http:\/\/www.indiakabeauty.com\/empresa\/wp-content\/uploads\/2022\/05\/madrinas-pieles-maduras-servicio-de-maquillaje-indiaka-beauty-eventos-social-make-up-mua-2-3.png\" alt=\"\" class=\"wp-image-3697\" srcset=\"https:\/\/www.indiakabeauty.com\/empresa\/wp-content\/uploads\/2022\/05\/madrinas-pieles-maduras-servicio-de-maquillaje-indiaka-beauty-eventos-social-make-up-mua-2-3.png 800w, https:\/\/www.indiakabeauty.com\/empresa\/wp-content\/uploads\/2022\/05\/madrinas-pieles-maduras-servicio-de-maquillaje-indiaka-beauty-eventos-social-make-up-mua-2-3-300x300.png 300w, https:\/\/www.indiakabeauty.com\/empresa\/wp-content\/uploads\/2022\/05\/madrinas-pieles-maduras-servicio-de-maquillaje-indiaka-beauty-eventos-social-make-up-mua-2-3-150x150.png 150w, https:\/\/www.indiakabeauty.com\/empresa\/wp-content\/uploads\/2022\/05\/madrinas-pieles-maduras-servicio-de-maquillaje-indiaka-beauty-eventos-social-make-up-mua-2-3-768x768.png 768w\" sizes=\"auto, (max-width: 800px) 100vw, 800px\" \/><figcaption class=\"wp-element-caption\"><strong>MADRINAS\/ PIELES MADURAS<\/strong><\/figcaption><\/figure>\n\n\n\n<figure class=\"wp-block-image size-large\"><img loading=\"lazy\" decoding=\"async\" width=\"800\" height=\"800\" data-id=\"3698\" src=\"http:\/\/www.indiakabeauty.com\/empresa\/wp-content\/uploads\/2022\/05\/sociales-comuniones-bautismos-servicio-de-maquillaje-indiaka-beauty-eventos-social-make-up-mua-3-3.png\" alt=\"\" class=\"wp-image-3698\" srcset=\"https:\/\/www.indiakabeauty.com\/empresa\/wp-content\/uploads\/2022\/05\/sociales-comuniones-bautismos-servicio-de-maquillaje-indiaka-beauty-eventos-social-make-up-mua-3-3.png 800w, https:\/\/www.indiakabeauty.com\/empresa\/wp-content\/uploads\/2022\/05\/sociales-comuniones-bautismos-servicio-de-maquillaje-indiaka-beauty-eventos-social-make-up-mua-3-3-300x300.png 300w, https:\/\/www.indiakabeauty.com\/empresa\/wp-content\/uploads\/2022\/05\/sociales-comuniones-bautismos-servicio-de-maquillaje-indiaka-beauty-eventos-social-make-up-mua-3-3-150x150.png 150w, https:\/\/www.indiakabeauty.com\/empresa\/wp-content\/uploads\/2022\/05\/sociales-comuniones-bautismos-servicio-de-maquillaje-indiaka-beauty-eventos-social-make-up-mua-3-3-768x768.png 768w\" sizes=\"auto, (max-width: 800px) 100vw, 800px\" \/><figcaption class=\"wp-element-caption\"><strong>EVENTOS SOCIALES<\/strong><\/figcaption><\/figure>\n<\/figure>\n\n\n\n<figure class=\"wp-block-gallery has-nested-images columns-default is-cropped wp-block-gallery-2 is-layout-flex wp-block-gallery-is-layout-flex\">\n<figure class=\"wp-block-image size-large\"><img loading=\"lazy\" decoding=\"async\" width=\"800\" height=\"800\" data-id=\"3704\" src=\"http:\/\/www.indiakabeauty.com\/empresa\/wp-content\/uploads\/2022\/05\/Diseno-sin-titulo.png\" alt=\"\" class=\"wp-image-3704\" srcset=\"https:\/\/www.indiakabeauty.com\/empresa\/wp-content\/uploads\/2022\/05\/Diseno-sin-titulo.png 800w, https:\/\/www.indiakabeauty.com\/empresa\/wp-content\/uploads\/2022\/05\/Diseno-sin-titulo-300x300.png 300w, https:\/\/www.indiakabeauty.com\/empresa\/wp-content\/uploads\/2022\/05\/Diseno-sin-titulo-150x150.png 150w, https:\/\/www.indiakabeauty.com\/empresa\/wp-content\/uploads\/2022\/05\/Diseno-sin-titulo-768x768.png 768w\" sizes=\"auto, (max-width: 800px) 100vw, 800px\" \/><figcaption class=\"wp-element-caption\"><strong>MAQUILLAJES PARA EDITORIAL<\/strong><\/figcaption><\/figure>\n\n\n\n<figure class=\"wp-block-image size-large\"><img loading=\"lazy\" decoding=\"async\" width=\"800\" height=\"800\" data-id=\"3703\" src=\"http:\/\/www.indiakabeauty.com\/empresa\/wp-content\/uploads\/2022\/05\/tattoo-tatuaje-coverage-cobertura-camuflaje-camuflage-servicio-de-maquillaje-indiaka-beauty-eventos-social-make-up-mua-4-2.png\" alt=\"\" class=\"wp-image-3703\" srcset=\"https:\/\/www.indiakabeauty.com\/empresa\/wp-content\/uploads\/2022\/05\/tattoo-tatuaje-coverage-cobertura-camuflaje-camuflage-servicio-de-maquillaje-indiaka-beauty-eventos-social-make-up-mua-4-2.png 800w, https:\/\/www.indiakabeauty.com\/empresa\/wp-content\/uploads\/2022\/05\/tattoo-tatuaje-coverage-cobertura-camuflaje-camuflage-servicio-de-maquillaje-indiaka-beauty-eventos-social-make-up-mua-4-2-300x300.png 300w, https:\/\/www.indiakabeauty.com\/empresa\/wp-content\/uploads\/2022\/05\/tattoo-tatuaje-coverage-cobertura-camuflaje-camuflage-servicio-de-maquillaje-indiaka-beauty-eventos-social-make-up-mua-4-2-150x150.png 150w, https:\/\/www.indiakabeauty.com\/empresa\/wp-content\/uploads\/2022\/05\/tattoo-tatuaje-coverage-cobertura-camuflaje-camuflage-servicio-de-maquillaje-indiaka-beauty-eventos-social-make-up-mua-4-2-768x768.png 768w\" sizes=\"auto, (max-width: 800px) 100vw, 800px\" \/><figcaption class=\"wp-element-caption\"><strong>TATOO COVERAGE<\/strong>\/ <strong>CAMUFLAJE<\/strong><\/figcaption><\/figure>\n\n\n\n<figure class=\"wp-block-image size-large\"><img loading=\"lazy\" decoding=\"async\" width=\"800\" height=\"800\" data-id=\"3705\" src=\"http:\/\/www.indiakabeauty.com\/empresa\/wp-content\/uploads\/2022\/05\/caracterizacion-fx-halloween-golpes-moretones-sangre-artificial-servicio-de-maquillaje-indiaka-beauty-eventos-social-make-up-mua-5-2.png\" alt=\"\" class=\"wp-image-3705\" srcset=\"https:\/\/www.indiakabeauty.com\/empresa\/wp-content\/uploads\/2022\/05\/caracterizacion-fx-halloween-golpes-moretones-sangre-artificial-servicio-de-maquillaje-indiaka-beauty-eventos-social-make-up-mua-5-2.png 800w, https:\/\/www.indiakabeauty.com\/empresa\/wp-content\/uploads\/2022\/05\/caracterizacion-fx-halloween-golpes-moretones-sangre-artificial-servicio-de-maquillaje-indiaka-beauty-eventos-social-make-up-mua-5-2-300x300.png 300w, https:\/\/www.indiakabeauty.com\/empresa\/wp-content\/uploads\/2022\/05\/caracterizacion-fx-halloween-golpes-moretones-sangre-artificial-servicio-de-maquillaje-indiaka-beauty-eventos-social-make-up-mua-5-2-150x150.png 150w, https:\/\/www.indiakabeauty.com\/empresa\/wp-content\/uploads\/2022\/05\/caracterizacion-fx-halloween-golpes-moretones-sangre-artificial-servicio-de-maquillaje-indiaka-beauty-eventos-social-make-up-mua-5-2-768x768.png 768w\" sizes=\"auto, (max-width: 800px) 100vw, 800px\" \/><figcaption class=\"wp-element-caption\"><strong>MAQUILLAJES TEM\u00c1TICOS PARA FIESTAS<\/strong><\/figcaption><\/figure>\n<\/figure>\n\n\n<p>\u00a0<\/p>\n<p style=\"text-align: center;\">En INDIAKA BEAUTY contamos con Servicio de Maquillaje, para que puedas asistir al evento que desees, espl\u00e9ndida\/o, resaltando tu belleza y ocultando las imperfecciones; un d\u00eda especial requiere de un maquillaje especial, elige INDIAKA BEAUTY y disfruta de ese d\u00eda con tranquilidad, sin preocupaciones extras. Tienes un evento? INDIAKA BEAUTY es tu aliado.\u00a0<\/p>\n<p style=\"text-align: center;\">Cuidamos de cada detalle, utilizando los mejores productos del mercado y las herramientas de alta calidad para un resultado impecable y duradero.<\/p>\n<p style=\"text-align: center;\">Realizamos maquillajes para eventos sociales, camuflaje de tatuajes para situaciones especiales, para editorial, medios audiovisuales y maquillajes tem\u00e1ticos para fiestas como Halloween, despedidas de soltera\/o y otras fiestas.<\/p>\n<p style=\"text-align: center;\">En Indiaka Beauty contamos con un maquillaje para cada ocasi\u00f3n, acompa\u00f1\u00e1ndote.<\/p>\n<p style=\"text-align: center;\">El Servicio de Maquillaje puede ser en nuestra tienda o a domicilio del cliente, este \u00faltimo tendr\u00e1 gastos de desplazamiento adicionales al costo del maquillaje.<\/p>\n<h6 style=\"text-align: center;\"><strong><span style=\"color: #ebe9e9;\">&#8211; LA PRUEBA DE MAQUILLAJE SE COBRA PERO SE DESCUENTA LUEGO DEL TOTAL<\/span><\/strong><strong><span style=\"color: #ebe9e9;\"> A PAGAR POR EL SERVICIO DE MAQUILLAJE &#8211;\u00a0<\/span><\/strong><\/h6>\n<p><strong>Para reservar tu cita o consultar tus dudas,<\/strong> <a href=\"https:\/\/www.indiakabeauty.com\/contactenos\"><strong><span style=\"color: #ffde59;\">pincha aqu\u00ed<\/span><\/strong><\/a> <strong>\u00f3 a nuestro m\u00f3vil\/ WhatsApp<\/strong> <strong><span style=\"color: #ffde59;\">+34 623 41 02 19<\/span><\/strong><\/p><!-- AddThis Advanced Settings generic via filter on the_content --><!-- AddThis Share Buttons generic via filter on the_content -->","protected":false},"excerpt":{"rendered":"<p>Tienes un evento especial? Cuentas con el Servicio de Maquillaje de INDIAKA BEAUTY! \u00a0 En INDIAKA BEAUTY contamos con Servicio de Maquillaje, para que puedas asistir al evento que desees, espl\u00e9ndida\/o, resaltando tu belleza y ocultando las imperfecciones; un d\u00eda especial requiere de un maquillaje especial, elige INDIAKA BEAUTY y disfruta de ese d\u00eda con [&hellip;]<!-- AddThis Advanced Settings generic via filter on wp_trim_excerpt --><!-- AddThis Share Buttons generic via filter on wp_trim_excerpt --><\/p>\n","protected":false},"author":1,"featured_media":0,"parent":0,"menu_order":0,"comment_status":"closed","ping_status":"closed","template":"template-full-width.php","meta":{"footnotes":""},"class_list":["post-3658","page","type-page","status-publish","hentry"],"yoast_head":"<!-- This site is optimized with the Yoast SEO Premium plugin v20.4 (Yoast SEO v22.5) - https:\/\/yoast.com\/wordpress\/plugins\/seo\/ -->\n<title>SERVICIOS DE MAQUILLAJE | Indiaka Beauty<\/title>\n<meta name=\"robots\" content=\"index, follow, max-snippet:-1, max-image-preview:large, max-video-preview:-1\" \/>\n<link rel=\"canonical\" href=\"https:\/\/www.indiakabeauty.com\/empresa\/servicios-de-maquillaje\/\" \/>\n<meta property=\"og:locale\" content=\"es_ES\" \/>\n<meta property=\"og:type\" content=\"article\" \/>\n<meta property=\"og:title\" content=\"SERVICIOS DE MAQUILLAJE\" \/>\n<meta property=\"og:description\" content=\"Tienes un evento especial? Cuentas con el Servicio de Maquillaje de INDIAKA BEAUTY! \u00a0 En INDIAKA BEAUTY contamos con Servicio de Maquillaje, para que puedas asistir al evento que desees, espl\u00e9ndida\/o, resaltando tu belleza y ocultando las imperfecciones; un d\u00eda especial requiere de un maquillaje especial, elige INDIAKA BEAUTY y disfruta de ese d\u00eda con [&hellip;]\" \/>\n<meta property=\"og:url\" content=\"https:\/\/www.indiakabeauty.com\/empresa\/servicios-de-maquillaje\/\" \/>\n<meta property=\"og:site_name\" content=\"Indiaka Beauty\" \/>\n<meta property=\"article:modified_time\" content=\"2023-07-05T10:11:44+00:00\" \/>\n<meta property=\"og:image\" content=\"http:\/\/www.indiakabeauty.com\/empresa\/wp-content\/plugins\/advanced-wp-columns\/assets\/js\/plugins\/views\/img\/1x1-pixel.png\" \/>\n<meta name=\"twitter:card\" content=\"summary_large_image\" \/>\n<meta name=\"twitter:label1\" content=\"Tiempo de lectura\" \/>\n\t<meta name=\"twitter:data1\" content=\"3 minutos\" \/>\n<script type=\"application\/ld+json\" class=\"yoast-schema-graph\">{\"@context\":\"https:\/\/schema.org\",\"@graph\":[{\"@type\":\"WebPage\",\"@id\":\"https:\/\/www.indiakabeauty.com\/empresa\/servicios-de-maquillaje\/\",\"url\":\"https:\/\/www.indiakabeauty.com\/empresa\/servicios-de-maquillaje\/\",\"name\":\"SERVICIOS DE MAQUILLAJE | Indiaka Beauty\",\"isPartOf\":{\"@id\":\"https:\/\/www.indiakabeauty.com\/empresa\/#website\"},\"primaryImageOfPage\":{\"@id\":\"https:\/\/www.indiakabeauty.com\/empresa\/servicios-de-maquillaje\/#primaryimage\"},\"image\":{\"@id\":\"https:\/\/www.indiakabeauty.com\/empresa\/servicios-de-maquillaje\/#primaryimage\"},\"thumbnailUrl\":\"http:\/\/www.indiakabeauty.com\/empresa\/wp-content\/plugins\/advanced-wp-columns\/assets\/js\/plugins\/views\/img\/1x1-pixel.png\",\"datePublished\":\"2022-05-12T13:16:05+00:00\",\"dateModified\":\"2023-07-05T10:11:44+00:00\",\"breadcrumb\":{\"@id\":\"https:\/\/www.indiakabeauty.com\/empresa\/servicios-de-maquillaje\/#breadcrumb\"},\"inLanguage\":\"es\",\"potentialAction\":[{\"@type\":\"ReadAction\",\"target\":[\"https:\/\/www.indiakabeauty.com\/empresa\/servicios-de-maquillaje\/\"]}]},{\"@type\":\"ImageObject\",\"inLanguage\":\"es\",\"@id\":\"https:\/\/www.indiakabeauty.com\/empresa\/servicios-de-maquillaje\/#primaryimage\",\"url\":\"http:\/\/www.indiakabeauty.com\/empresa\/wp-content\/plugins\/advanced-wp-columns\/assets\/js\/plugins\/views\/img\/1x1-pixel.png\",\"contentUrl\":\"http:\/\/www.indiakabeauty.com\/empresa\/wp-content\/plugins\/advanced-wp-columns\/assets\/js\/plugins\/views\/img\/1x1-pixel.png\"},{\"@type\":\"BreadcrumbList\",\"@id\":\"https:\/\/www.indiakabeauty.com\/empresa\/servicios-de-maquillaje\/#breadcrumb\",\"itemListElement\":[{\"@type\":\"ListItem\",\"position\":1,\"name\":\"Portada\",\"item\":\"https:\/\/www.indiakabeauty.com\/empresa\/\"},{\"@type\":\"ListItem\",\"position\":2,\"name\":\"SERVICIOS DE MAQUILLAJE\"}]},{\"@type\":\"WebSite\",\"@id\":\"https:\/\/www.indiakabeauty.com\/empresa\/#website\",\"url\":\"https:\/\/www.indiakabeauty.com\/empresa\/\",\"name\":\"Indiaka Beauty\",\"description\":\"Academia y Tienda de Maquillaje y Belleza en Alicante\",\"publisher\":{\"@id\":\"https:\/\/www.indiakabeauty.com\/empresa\/#organization\"},\"potentialAction\":[{\"@type\":\"SearchAction\",\"target\":{\"@type\":\"EntryPoint\",\"urlTemplate\":\"https:\/\/www.indiakabeauty.com\/empresa\/?s={search_term_string}\"},\"query-input\":\"required name=search_term_string\"}],\"inLanguage\":\"es\"},{\"@type\":\"Organization\",\"@id\":\"https:\/\/www.indiakabeauty.com\/empresa\/#organization\",\"name\":\"Indiaka Beauty\",\"url\":\"https:\/\/www.indiakabeauty.com\/empresa\/\",\"logo\":{\"@type\":\"ImageObject\",\"inLanguage\":\"es\",\"@id\":\"https:\/\/www.indiakabeauty.com\/empresa\/#\/schema\/logo\/image\/\",\"url\":\"https:\/\/www.indiakabeauty.com\/empresa\/wp-content\/uploads\/2022\/05\/LOGO-Indiaka-SIN-FONDO.png\",\"contentUrl\":\"https:\/\/www.indiakabeauty.com\/empresa\/wp-content\/uploads\/2022\/05\/LOGO-Indiaka-SIN-FONDO.png\",\"width\":500,\"height\":500,\"caption\":\"Indiaka Beauty\"},\"image\":{\"@id\":\"https:\/\/www.indiakabeauty.com\/empresa\/#\/schema\/logo\/image\/\"}}]}<\/script>\n<!-- \/ Yoast SEO Premium plugin. -->","yoast_head_json":{"title":"SERVICIOS DE MAQUILLAJE | Indiaka Beauty","robots":{"index":"index","follow":"follow","max-snippet":"max-snippet:-1","max-image-preview":"max-image-preview:large","max-video-preview":"max-video-preview:-1"},"canonical":"https:\/\/www.indiakabeauty.com\/empresa\/servicios-de-maquillaje\/","og_locale":"es_ES","og_type":"article","og_title":"SERVICIOS DE MAQUILLAJE","og_description":"Tienes un evento especial? Cuentas con el Servicio de Maquillaje de INDIAKA BEAUTY! \u00a0 En INDIAKA BEAUTY contamos con Servicio de Maquillaje, para que puedas asistir al evento que desees, espl\u00e9ndida\/o, resaltando tu belleza y ocultando las imperfecciones; un d\u00eda especial requiere de un maquillaje especial, elige INDIAKA BEAUTY y disfruta de ese d\u00eda con [&hellip;]","og_url":"https:\/\/www.indiakabeauty.com\/empresa\/servicios-de-maquillaje\/","og_site_name":"Indiaka Beauty","article_modified_time":"2023-07-05T10:11:44+00:00","og_image":[{"url":"http:\/\/www.indiakabeauty.com\/empresa\/wp-content\/plugins\/advanced-wp-columns\/assets\/js\/plugins\/views\/img\/1x1-pixel.png"}],"twitter_card":"summary_large_image","twitter_misc":{"Tiempo de lectura":"3 minutos"},"schema":{"@context":"https:\/\/schema.org","@graph":[{"@type":"WebPage","@id":"https:\/\/www.indiakabeauty.com\/empresa\/servicios-de-maquillaje\/","url":"https:\/\/www.indiakabeauty.com\/empresa\/servicios-de-maquillaje\/","name":"SERVICIOS DE MAQUILLAJE | Indiaka Beauty","isPartOf":{"@id":"https:\/\/www.indiakabeauty.com\/empresa\/#website"},"primaryImageOfPage":{"@id":"https:\/\/www.indiakabeauty.com\/empresa\/servicios-de-maquillaje\/#primaryimage"},"image":{"@id":"https:\/\/www.indiakabeauty.com\/empresa\/servicios-de-maquillaje\/#primaryimage"},"thumbnailUrl":"http:\/\/www.indiakabeauty.com\/empresa\/wp-content\/plugins\/advanced-wp-columns\/assets\/js\/plugins\/views\/img\/1x1-pixel.png","datePublished":"2022-05-12T13:16:05+00:00","dateModified":"2023-07-05T10:11:44+00:00","breadcrumb":{"@id":"https:\/\/www.indiakabeauty.com\/empresa\/servicios-de-maquillaje\/#breadcrumb"},"inLanguage":"es","potentialAction":[{"@type":"ReadAction","target":["https:\/\/www.indiakabeauty.com\/empresa\/servicios-de-maquillaje\/"]}]},{"@type":"ImageObject","inLanguage":"es","@id":"https:\/\/www.indiakabeauty.com\/empresa\/servicios-de-maquillaje\/#primaryimage","url":"http:\/\/www.indiakabeauty.com\/empresa\/wp-content\/plugins\/advanced-wp-columns\/assets\/js\/plugins\/views\/img\/1x1-pixel.png","contentUrl":"http:\/\/www.indiakabeauty.com\/empresa\/wp-content\/plugins\/advanced-wp-columns\/assets\/js\/plugins\/views\/img\/1x1-pixel.png"},{"@type":"BreadcrumbList","@id":"https:\/\/www.indiakabeauty.com\/empresa\/servicios-de-maquillaje\/#breadcrumb","itemListElement":[{"@type":"ListItem","position":1,"name":"Portada","item":"https:\/\/www.indiakabeauty.com\/empresa\/"},{"@type":"ListItem","position":2,"name":"SERVICIOS DE MAQUILLAJE"}]},{"@type":"WebSite","@id":"https:\/\/www.indiakabeauty.com\/empresa\/#website","url":"https:\/\/www.indiakabeauty.com\/empresa\/","name":"Indiaka Beauty","description":"Academia y Tienda de Maquillaje y Belleza en Alicante","publisher":{"@id":"https:\/\/www.indiakabeauty.com\/empresa\/#organization"},"potentialAction":[{"@type":"SearchAction","target":{"@type":"EntryPoint","urlTemplate":"https:\/\/www.indiakabeauty.com\/empresa\/?s={search_term_string}"},"query-input":"required name=search_term_string"}],"inLanguage":"es"},{"@type":"Organization","@id":"https:\/\/www.indiakabeauty.com\/empresa\/#organization","name":"Indiaka Beauty","url":"https:\/\/www.indiakabeauty.com\/empresa\/","logo":{"@type":"ImageObject","inLanguage":"es","@id":"https:\/\/www.indiakabeauty.com\/empresa\/#\/schema\/logo\/image\/","url":"https:\/\/www.indiakabeauty.com\/empresa\/wp-content\/uploads\/2022\/05\/LOGO-Indiaka-SIN-FONDO.png","contentUrl":"https:\/\/www.indiakabeauty.com\/empresa\/wp-content\/uploads\/2022\/05\/LOGO-Indiaka-SIN-FONDO.png","width":500,"height":500,"caption":"Indiaka Beauty"},"image":{"@id":"https:\/\/www.indiakabeauty.com\/empresa\/#\/schema\/logo\/image\/"}}]}},"_links":{"self":[{"href":"https:\/\/www.indiakabeauty.com\/empresa\/wp-json\/wp\/v2\/pages\/3658","targetHints":{"allow":["GET"]}}],"collection":[{"href":"https:\/\/www.indiakabeauty.com\/empresa\/wp-json\/wp\/v2\/pages"}],"about":[{"href":"https:\/\/www.indiakabeauty.com\/empresa\/wp-json\/wp\/v2\/types\/page"}],"author":[{"embeddable":true,"href":"https:\/\/www.indiakabeauty.com\/empresa\/wp-json\/wp\/v2\/users\/1"}],"replies":[{"embeddable":true,"href":"https:\/\/www.indiakabeauty.com\/empresa\/wp-json\/wp\/v2\/comments?post=3658"}],"version-history":[{"count":16,"href":"https:\/\/www.indiakabeauty.com\/empresa\/wp-json\/wp\/v2\/pages\/3658\/revisions"}],"predecessor-version":[{"id":4235,"href":"https:\/\/www.indiakabeauty.com\/empresa\/wp-json\/wp\/v2\/pages\/3658\/revisions\/4235"}],"wp:attachment":[{"href":"https:\/\/www.indiakabeauty.com\/empresa\/wp-json\/wp\/v2\/media?parent=3658"}],"curies":[{"name":"wp","href":"https:\/\/api.w.org\/{rel}","templated":true}]}}