{"id":3008,"date":"2022-02-28T15:05:59","date_gmt":"2022-02-28T15:05:59","guid":{"rendered":"https:\/\/www.indiakabeauty.com\/empresa\/?page_id=3008"},"modified":"2024-04-29T12:01:19","modified_gmt":"2024-04-29T12:01:19","slug":"curso-maquillaje-con-aerografo-2","status":"publish","type":"page","link":"https:\/\/www.indiakabeauty.com\/empresa\/curso-maquillaje-con-aerografo-2\/","title":{"rendered":"CURSO MAQUILLAJE CON AER\u00d3GRAFO"},"content":{"rendered":"<div tabindex=\"0\" class=\"cycloneslider cycloneslider-template-standard cycloneslider-width-responsive\" id=\"cycloneslider-formacion-aerografia-1\" style=\"max-width:1400px\" > <div class=\"cycloneslider-slides cycle-slideshow\" data-cycle-allow-wrap=\"true\" data-cycle-dynamic-height=\"off\" data-cycle-auto-height=\"1400:365\" data-cycle-auto-height-easing=\"null\" data-cycle-auto-height-speed=\"250\" data-cycle-delay=\"0\" data-cycle-easing=\"\" data-cycle-fx=\"scrollHorz\" data-cycle-hide-non-active=\"true\" data-cycle-log=\"false\" data-cycle-next=\"#cycloneslider-formacion-aerografia-1 .cycloneslider-next\" data-cycle-pager=\"#cycloneslider-formacion-aerografia-1 .cycloneslider-pager\" data-cycle-pause-on-hover=\"true\" data-cycle-prev=\"#cycloneslider-formacion-aerografia-1 .cycloneslider-prev\" data-cycle-slides=\"&gt; div\" data-cycle-speed=\"1800\" data-cycle-swipe=\"false\" data-cycle-tile-count=\"7\" data-cycle-tile-delay=\"100\" data-cycle-tile-vertical=\"true\" data-cycle-timeout=\"5000\" > <div class=\"cycloneslider-slide cycloneslider-slide-image\" > <img decoding=\"async\" src=\"https:\/\/www.indiakabeauty.com\/empresa\/wp-content\/uploads\/2022\/03\/indiaka-beauty-airbrush-makeup-boby-paint-painting-maquillaje-artistico-aerografia-aguacolores-aquacolors-pintura-con-aerografo-artistico-formacion-curso-1.png\" alt=\"\" title=\"\" \/> <\/div> <div class=\"cycloneslider-slide cycloneslider-slide-image\" > <img decoding=\"async\" src=\"https:\/\/www.indiakabeauty.com\/empresa\/wp-content\/uploads\/2022\/03\/indiaka-beauty-airbrush-makeup-boby-paint-painting-maquillaje-artistico-aerografia-aguacolores-aquacolors-pintura-con-aerografo-artistico-formacion.png\" alt=\"\" title=\"\" \/> <\/div> <div class=\"cycloneslider-slide cycloneslider-slide-image\" > <img decoding=\"async\" src=\"https:\/\/www.indiakabeauty.com\/empresa\/wp-content\/uploads\/2022\/03\/indiaka-beauty-airbrush-makeup-boby-paint-painting-maquillaje-artistico-aerografia-aguacolores-aquacolors-pintura-con-aerografo-artistico-formacion-3-2.png\" alt=\"\" title=\"\" \/> <\/div> <div class=\"cycloneslider-slide cycloneslider-slide-image\" > <img decoding=\"async\" src=\"https:\/\/www.indiakabeauty.com\/empresa\/wp-content\/uploads\/2022\/03\/indiaka-beauty-airbrush-makeup-boby-paint-painting-maquillaje-artistico-aerografia-aguacolores-aquacolors-pintura-con-aerografo-artistico-formacion-4-2.png\" alt=\"\" title=\"\" \/> <\/div> <div class=\"cycloneslider-slide cycloneslider-slide-image\" > <img decoding=\"async\" src=\"https:\/\/www.indiakabeauty.com\/empresa\/wp-content\/uploads\/2022\/03\/indiaka-beauty-airbrush-makeup-boby-paint-painting-maquillaje-artistico-aerografia-aguacolores-aquacolors-pintura-con-aerografo-artistico-formacion-5.png\" alt=\"\" title=\"\" \/> <\/div> <\/div> <div class=\"cycloneslider-pager\"><\/div> <a href=\"#\" class=\"cycloneslider-prev\"> <span class=\"arrow\"><\/span> <\/a> <a href=\"#\" class=\"cycloneslider-next\"> <span class=\"arrow\"><\/span> <\/a> <\/div>\n<p style=\"text-align: center;\"><span style=\"color: #ebe9e9;\">El <strong>AER\u00d3GRAFO<\/strong>, es una herramienta que permite aplicar diferentes tipos de maquillaje en el rostro y el cuerpo usando el aire como medio, con esta t\u00e9cnica de maquillaje se obtienen difuminados de gran calidad, un acabado suave, natural, ultra fino pero altamente cubriente, que corrige por completo imperfecciones en la piel sin cambiar la textura original de la misma, todo esto gracias al velo ultra fino de maquillaje que se consigue con el aer\u00f3grafo en comparaci\u00f3n a la aplicaci\u00f3n con brochas o esponjas.<\/span><\/p>\n<p style=\"text-align: center;\"><span style=\"color: #ebe9e9;\">Es la mejor herramienta para realizar maquillajes de alta definici\u00f3n (HD), maquillajes sociales en medios audiovisuales, &nbsp;para lograr efectos de sombreados incre\u00edblemente realistas y r\u00e1pidos en bodypainting (corporales), <\/span><span style=\"color: #ebe9e9;\">facepainting (pintacaras) y decoraci\u00f3n art\u00edstica de u\u00f1as.<\/span><\/p>\n<p style=\"text-align: center;\"><span style=\"color: #ebe9e9;\">Con la situaci\u00f3n sanitaria generada por la pandemia del Covid-19 esta t\u00e9cnica ha adquirido mucha popularidad debido a que el contacto entre el profesional y el cliente es m\u00ednimo.<\/span><\/p>\n<p><span style=\"color: #ebe9e9;\">El kit b\u00e1sico de trabajo para poder llevar a cabo la aerograf\u00eda est\u00e1 compuesto por:<\/span><\/p>\n<p><span style=\"color: #ebe9e9;\">&#8211; 1 Aer\u00f3grafo\/ Pistola<\/span><\/p>\n<p><span style=\"color: #ebe9e9;\">&#8211; 1 Compresor<\/span><\/p>\n<p><span style=\"color: #ebe9e9;\">&#8211; 1 Manguera<\/span><\/p>\n<p><span style=\"color: #ebe9e9;\">&#8211; Maquillaje apropiado para utilizar con el aer\u00f3grafo.<\/span><\/p>\n\n\n<figure class=\"wp-block-image size-large\"><img loading=\"lazy\" decoding=\"async\" width=\"1024\" height=\"267\" src=\"https:\/\/www.indiakabeauty.com\/empresa\/wp-content\/uploads\/2022\/02\/indiaka-beauty-formacion-curso-maquillaje-con-aerografo-aerografia-europa-espana-1024x267.png\" alt=\"\" class=\"wp-image-3009\" srcset=\"https:\/\/www.indiakabeauty.com\/empresa\/wp-content\/uploads\/2022\/02\/indiaka-beauty-formacion-curso-maquillaje-con-aerografo-aerografia-europa-espana-1024x267.png 1024w, https:\/\/www.indiakabeauty.com\/empresa\/wp-content\/uploads\/2022\/02\/indiaka-beauty-formacion-curso-maquillaje-con-aerografo-aerografia-europa-espana-300x78.png 300w, https:\/\/www.indiakabeauty.com\/empresa\/wp-content\/uploads\/2022\/02\/indiaka-beauty-formacion-curso-maquillaje-con-aerografo-aerografia-europa-espana-768x200.png 768w, https:\/\/www.indiakabeauty.com\/empresa\/wp-content\/uploads\/2022\/02\/indiaka-beauty-formacion-curso-maquillaje-con-aerografo-aerografia-europa-espana.png 1400w\" sizes=\"auto, (max-width: 1024px) 100vw, 1024px\" \/><\/figure>\n\n\n\n<p class=\"has-text-align-center has-text-color\" style=\"color:#ebe9e9\">Descubre y aprende a utilizar esta herramienta con nuestro CURSO DE MAQUILLAJE CON AER\u00d3GRAFO, donde realizar\u00e1s maquillajes sociales y maquillajes de fantas\u00eda que podr\u00e1s usar tanto para facepainting, bodypainting como en maquillajes de moros y cristianos (muy populares en la provincia de Alicante, donde esta t\u00e9cnica se ha extendido de manera asombrosa.)<\/p>\n\n\n\n<p class=\"has-text-align-center has-text-color\" style=\"color:#ebe9e9\"><strong>Para poder realizar este curso se necesita conocimientos previos en maquillaje, porque se ense\u00f1a como utilizar el aer\u00f3grafo como si fuera un pincel o brocha de maquillaje, pero no se imparten conocimientos b\u00e1sicos del maquillaje profesional (visagismo, colorimetr\u00eda, aplicaci\u00f3n de bases, sombras, etc.)<\/strong><\/p>\n\n\n\n<p class=\"has-text-color\" style=\"color:#ebe9e9\"><strong>CONTENIDO:<\/strong><\/p>\n\n\n\n<ul style=\"color:#ebe9e9\" class=\"has-text-color wp-block-list\">\n<li>Se impartir\u00e1n todos los conocimientos t\u00e9cnicos sobre las piezas y construcci\u00f3n de los elementos integrantes del kit de aerograf\u00eda para que el alumno de manera aut\u00f3noma pueda solventar cualquier problema que surja en el funcionamiento de la herramienta. De esta manera se logra la m\u00e1xima seguridad y confianza en el maquillaje profesional con el aer\u00f3grafo.<\/li>\n<\/ul>\n\n\n\n<ul style=\"color:#ebe9e9\" class=\"has-text-color wp-block-list\">\n<li>Se trabajar\u00e1 con todas las marcas, accesorios y variedades de productos para maquillaje con aer\u00f3grafo que existen en el mercado, para que nuestros alumnos desarrollen los criterios necesarios para decidir cuando trabajar con un maquillaje en base al agua, en base alcoh\u00f3lica o siliconada, cuando usar un aer\u00f3grafo de gravedad o succi\u00f3n, de simple acci\u00f3n o de doble acci\u00f3n, un compresor de membrana (b\u00e1sico) o un compresor de pist\u00f3n (alta gama) y que tipo de accesorios interesa usar en cada trabajo que deba realizar, para optimizar el trabajo y la configuraci\u00f3n de los mismos.<\/li>\n<\/ul>\n\n\n\n<ul style=\"color:#ebe9e9\" class=\"has-text-color wp-block-list\">\n<li>Se ense\u00f1aran t\u00e9cnicas de aplicaci\u00f3n de maquillaje a mano alzada y de utilizaci\u00f3n del enmascarado para la aplicaci\u00f3n del maquillaje con aer\u00f3grafo y los diferentes efectos que se pueden lograr con los distintos tipos de plantillas que existen en el mercado. \u00a0<\/li>\n<\/ul>\n\n\n\n<ul style=\"color:#ebe9e9\" class=\"has-text-color wp-block-list\">\n<li>Realizaremos t\u00e9cnicas mixtas con aer\u00f3grafo, pincel y esponja para conocer la integraci\u00f3n del aer\u00f3grafo con las t\u00e9cnicas tradicionales.<\/li>\n<\/ul>\n\n\n\n<ul style=\"color:#ebe9e9\" class=\"has-text-color wp-block-list\">\n<li>Ense\u00f1amos a comprender porque acontecen los fallos al maquillar con el aer\u00f3grafo para que nuestros alumnos puedan autocorregirlos y puedan seguir entren\u00e1ndose y mejorando de forma continua en el uso del aer\u00f3grafo incluso al acabar el curso.<\/li>\n<\/ul>\n\n\n\n<ul style=\"color:#ebe9e9\" class=\"has-text-color wp-block-list\">\n<li>Tambi\u00e9n abarcamos las problem\u00e1ticas de las pieles maduras y como tratarlas.<\/li>\n<\/ul>\n\n\n\n<p class=\"has-text-align-center has-text-color\" style=\"color:#ebe9e9\"><strong>Es el curso especifico de maquillaje con aer\u00f3grafo con mas horas de pr\u00e1cticas por alumnos del mercado, el<\/strong> <span style=\"color:#ebe9e9\" class=\"has-inline-color\"><strong>conocimiento adquirido por nuestros alumnos es el mas completo. Todo esto debido a nuestras clases personalizadas.<\/strong><\/span><\/p>\n\n\n\n<p class=\"has-text-color\" style=\"color:#ebe9e9\"><strong>MATERIAL INCLUIDO:<\/strong> Se incluye dossier con apuntes y productos de maquillaje para aerograf\u00eda para las clases pr\u00e1cticas. Los alumnos recibir\u00e1n, al finalizar el curso, fotograf\u00edas digitales de los maquillajes realizados y diploma.<\/p>\n\n\n\n<p class=\"has-text-align-center has-text-color\" style=\"color:#ffde59\">Si el alumno dispone ya de equipo propio, puede traerlo y se le ense\u00f1ara a trabajar con \u00e9l para que lo haga de forma segura y conoci\u00e9ndolo en profundidad, sin dejar de lado todos los tipos de aer\u00f3grafos y accesorios existentes en el mercado. Para aquellos alumnos que no dispongan del mismo se le proporcionara uno durante el curso.<\/p>\n\n\n\n<p class=\"has-text-color\" style=\"color:#ebe9e9\"> <strong>AUTOPR\u00c1CTICAS CON AER\u00d3GRAFO EN NUESTRA INSTITUCI\u00d3N:<\/strong> Cada alumno podr\u00e1 utilizar nuestras instalaciones y productos de maquillaje (Make-up corner) durante una hora semanal, sin costo adicional, previa reserva. <\/p>\n\n\n\n<p class=\"has-text-color\" style=\"color:#ebe9e9\"> <strong>AUTOPR\u00c1CTICAS CON AER\u00d3GRAFO EN DOMICILIO DEL ALUMNO:<\/strong> Cada alumno podr\u00e1 llevarse y utilizar un aer\u00f3grafo y compresor, previo pago de una fianza que ser\u00e1 devuelta una vez que el alumno entregue los mismos. <\/p>\n\n\n\n<p class=\"has-text-color\" style=\"color:#ebe9e9\"><strong>MATERIAL NO INCLUIDO:<\/strong> Pinceler\u00eda, borlas, esponjas, pinzas, paletas mezcladoras, sacapuntas, rizador de pesta\u00f1as, accesorios para decoraci\u00f3n de maquillaje (Pedrer\u00eda, diadema o band\u00f3, pesta\u00f1as postizas\u2026)<\/p>\n\n\n\n<p class=\"has-text-align-center has-text-color\" style=\"color:#ebe9e9\"><span style=\"color:#ffde59\" class=\"has-inline-color\">La formaci\u00f3n tambi\u00e9n admite ser subvencionada por el fondo de la TRIPARTITA para los alumnos que puedan acogerse a dicha subvenci\u00f3n.<\/span><\/p>\n\n\n\n<p class=\"has-text-color\" style=\"color:#ebe9e9\"><strong>DURACI\u00d3N DEL CURSO:<\/strong> 5 d\u00edas (5 clases \u2013 20 horas), Modalidad Curso Particular (una sola persona)<\/p>\n\n\n\n<ul style=\"color:#ebe9e9\" class=\"has-text-color wp-block-list\">\n<li>Cada clase ser\u00e1 de 4 hs., una vez por semana. <\/li>\n<\/ul>\n\n\n\n<p class=\"has-text-align-center has-text-color\" style=\"color:#ffde59\">Si el curso se realiza en grupo (m\u00e1s de una persona), la duraci\u00f3n del mismo se extiende en funci\u00f3n del n\u00famero de alumnos, para que la calidad de la formaci\u00f3n no se vea afectada y se siga manteniendo la atenci\u00f3n personalizada.<\/p>\n\n\n\n<p class=\"has-text-color\" style=\"color:#ebe9e9\"><strong>HORARIO:<\/strong> <\/p>\n\n\n\n<ul style=\"color:#ebe9e9\" class=\"has-text-color wp-block-list\">\n<li><strong>Clases particulares:<\/strong> A coordinar entre el profesor y el alumno.<\/li>\n<\/ul>\n\n\n\n<ul style=\"color:#ebe9e9\" class=\"has-text-color wp-block-list\">\n<li><strong>Clases grupales:<\/strong> A coordinar seg\u00fan disponibilidad del profesor y grupo.<\/li>\n<\/ul>\n\n\n\n<p class=\"has-text-align-center has-text-color\" style=\"color:#ffde59\">Es imprescindible traer una modelo para poder realizar las pr\u00e1cticas ( los \u00faltimos tres d\u00edas ).<\/p>\n\n\n\n<p class=\"has-text-color\" style=\"color:#ebe9e9\"><strong>PRECIO:<\/strong> 1 pago, a consultar. Puedes reservar tu plaza abonando 90 \u20ac los cuales ser\u00e1n descontados del pago del importe del curso. NO SE COBRA MATR\u00cdCULA. <\/p>\n\n\n\n<p class=\"has-text-align-center has-text-color\" style=\"color:#ebe9e9\">Los alumnos tendr\u00e1n entre un 10% y un 15% de descuento en los productos o materiales relativos al curso, que compren en Indiaka Beauty, mientras dure el mismo.<\/p>\n\n\n\n<p class=\"has-text-align-left has-text-color\" style=\"color:#ebe9e9\">(*) Traer complementos (diademas, flores, plumas, perlas, strass para adherir a tus maquillajes, etc.) y resaltar de esa forma mucho m\u00e1s los mismos.<\/p>\n<!-- AddThis Advanced Settings generic via filter on the_content --><!-- AddThis Share Buttons generic via filter on the_content -->","protected":false},"excerpt":{"rendered":"<p>El AER\u00d3GRAFO, es una herramienta que permite aplicar diferentes tipos de maquillaje en el rostro y el cuerpo usando el aire como medio, con esta t\u00e9cnica de maquillaje se obtienen difuminados de gran calidad, un acabado suave, natural, ultra fino pero altamente cubriente, que corrige por completo imperfecciones en la piel sin cambiar la textura [&hellip;]<!-- AddThis Advanced Settings generic via filter on wp_trim_excerpt --><!-- AddThis Share Buttons generic via filter on wp_trim_excerpt --><\/p>\n","protected":false},"author":1,"featured_media":0,"parent":0,"menu_order":0,"comment_status":"closed","ping_status":"closed","template":"template-full-width.php","meta":{"footnotes":""},"class_list":["post-3008","page","type-page","status-publish","hentry"],"yoast_head":"<!-- This site is optimized with the Yoast SEO Premium plugin v20.4 (Yoast SEO v22.5) - https:\/\/yoast.com\/wordpress\/plugins\/seo\/ -->\n<title>CURSO MAQUILLAJE CON AER\u00d3GRAFO | Indiaka Beauty<\/title>\n<meta name=\"robots\" content=\"index, follow, max-snippet:-1, max-image-preview:large, max-video-preview:-1\" \/>\n<link rel=\"canonical\" href=\"https:\/\/www.indiakabeauty.com\/empresa\/curso-maquillaje-con-aerografo-2\/\" \/>\n<meta property=\"og:locale\" content=\"es_ES\" \/>\n<meta property=\"og:type\" content=\"article\" \/>\n<meta property=\"og:title\" content=\"CURSO MAQUILLAJE CON AER\u00d3GRAFO\" \/>\n<meta property=\"og:description\" content=\"El AER\u00d3GRAFO, es una herramienta que permite aplicar diferentes tipos de maquillaje en el rostro y el cuerpo usando el aire como medio, con esta t\u00e9cnica de maquillaje se obtienen difuminados de gran calidad, un acabado suave, natural, ultra fino pero altamente cubriente, que corrige por completo imperfecciones en la piel sin cambiar la textura [&hellip;]\" \/>\n<meta property=\"og:url\" content=\"https:\/\/www.indiakabeauty.com\/empresa\/curso-maquillaje-con-aerografo-2\/\" \/>\n<meta property=\"og:site_name\" content=\"Indiaka Beauty\" \/>\n<meta property=\"article:modified_time\" content=\"2024-04-29T12:01:19+00:00\" \/>\n<meta property=\"og:image\" content=\"https:\/\/www.indiakabeauty.com\/empresa\/wp-content\/uploads\/2022\/02\/indiaka-beauty-formacion-curso-maquillaje-con-aerografo-aerografia-europa-espana-1024x267.png\" \/>\n<meta name=\"twitter:card\" content=\"summary_large_image\" \/>\n<meta name=\"twitter:label1\" content=\"Tiempo de lectura\" \/>\n\t<meta name=\"twitter:data1\" content=\"5 minutos\" \/>\n<script type=\"application\/ld+json\" class=\"yoast-schema-graph\">{\"@context\":\"https:\/\/schema.org\",\"@graph\":[{\"@type\":\"WebPage\",\"@id\":\"https:\/\/www.indiakabeauty.com\/empresa\/curso-maquillaje-con-aerografo-2\/\",\"url\":\"https:\/\/www.indiakabeauty.com\/empresa\/curso-maquillaje-con-aerografo-2\/\",\"name\":\"CURSO MAQUILLAJE CON AER\u00d3GRAFO | Indiaka Beauty\",\"isPartOf\":{\"@id\":\"https:\/\/www.indiakabeauty.com\/empresa\/#website\"},\"primaryImageOfPage\":{\"@id\":\"https:\/\/www.indiakabeauty.com\/empresa\/curso-maquillaje-con-aerografo-2\/#primaryimage\"},\"image\":{\"@id\":\"https:\/\/www.indiakabeauty.com\/empresa\/curso-maquillaje-con-aerografo-2\/#primaryimage\"},\"thumbnailUrl\":\"https:\/\/www.indiakabeauty.com\/empresa\/wp-content\/uploads\/2022\/02\/indiaka-beauty-formacion-curso-maquillaje-con-aerografo-aerografia-europa-espana-1024x267.png\",\"datePublished\":\"2022-02-28T15:05:59+00:00\",\"dateModified\":\"2024-04-29T12:01:19+00:00\",\"breadcrumb\":{\"@id\":\"https:\/\/www.indiakabeauty.com\/empresa\/curso-maquillaje-con-aerografo-2\/#breadcrumb\"},\"inLanguage\":\"es\",\"potentialAction\":[{\"@type\":\"ReadAction\",\"target\":[\"https:\/\/www.indiakabeauty.com\/empresa\/curso-maquillaje-con-aerografo-2\/\"]}]},{\"@type\":\"ImageObject\",\"inLanguage\":\"es\",\"@id\":\"https:\/\/www.indiakabeauty.com\/empresa\/curso-maquillaje-con-aerografo-2\/#primaryimage\",\"url\":\"https:\/\/www.indiakabeauty.com\/empresa\/wp-content\/uploads\/2022\/02\/indiaka-beauty-formacion-curso-maquillaje-con-aerografo-aerografia-europa-espana-1024x267.png\",\"contentUrl\":\"https:\/\/www.indiakabeauty.com\/empresa\/wp-content\/uploads\/2022\/02\/indiaka-beauty-formacion-curso-maquillaje-con-aerografo-aerografia-europa-espana-1024x267.png\"},{\"@type\":\"BreadcrumbList\",\"@id\":\"https:\/\/www.indiakabeauty.com\/empresa\/curso-maquillaje-con-aerografo-2\/#breadcrumb\",\"itemListElement\":[{\"@type\":\"ListItem\",\"position\":1,\"name\":\"Portada\",\"item\":\"https:\/\/www.indiakabeauty.com\/empresa\/\"},{\"@type\":\"ListItem\",\"position\":2,\"name\":\"CURSO MAQUILLAJE CON AER\u00d3GRAFO\"}]},{\"@type\":\"WebSite\",\"@id\":\"https:\/\/www.indiakabeauty.com\/empresa\/#website\",\"url\":\"https:\/\/www.indiakabeauty.com\/empresa\/\",\"name\":\"Indiaka Beauty\",\"description\":\"Academia y Tienda de Maquillaje y Belleza en Alicante\",\"publisher\":{\"@id\":\"https:\/\/www.indiakabeauty.com\/empresa\/#organization\"},\"potentialAction\":[{\"@type\":\"SearchAction\",\"target\":{\"@type\":\"EntryPoint\",\"urlTemplate\":\"https:\/\/www.indiakabeauty.com\/empresa\/?s={search_term_string}\"},\"query-input\":\"required name=search_term_string\"}],\"inLanguage\":\"es\"},{\"@type\":\"Organization\",\"@id\":\"https:\/\/www.indiakabeauty.com\/empresa\/#organization\",\"name\":\"Indiaka Beauty\",\"url\":\"https:\/\/www.indiakabeauty.com\/empresa\/\",\"logo\":{\"@type\":\"ImageObject\",\"inLanguage\":\"es\",\"@id\":\"https:\/\/www.indiakabeauty.com\/empresa\/#\/schema\/logo\/image\/\",\"url\":\"https:\/\/www.indiakabeauty.com\/empresa\/wp-content\/uploads\/2022\/05\/LOGO-Indiaka-SIN-FONDO.png\",\"contentUrl\":\"https:\/\/www.indiakabeauty.com\/empresa\/wp-content\/uploads\/2022\/05\/LOGO-Indiaka-SIN-FONDO.png\",\"width\":500,\"height\":500,\"caption\":\"Indiaka Beauty\"},\"image\":{\"@id\":\"https:\/\/www.indiakabeauty.com\/empresa\/#\/schema\/logo\/image\/\"}}]}<\/script>\n<!-- \/ Yoast SEO Premium plugin. -->","yoast_head_json":{"title":"CURSO MAQUILLAJE CON AER\u00d3GRAFO | Indiaka Beauty","robots":{"index":"index","follow":"follow","max-snippet":"max-snippet:-1","max-image-preview":"max-image-preview:large","max-video-preview":"max-video-preview:-1"},"canonical":"https:\/\/www.indiakabeauty.com\/empresa\/curso-maquillaje-con-aerografo-2\/","og_locale":"es_ES","og_type":"article","og_title":"CURSO MAQUILLAJE CON AER\u00d3GRAFO","og_description":"El AER\u00d3GRAFO, es una herramienta que permite aplicar diferentes tipos de maquillaje en el rostro y el cuerpo usando el aire como medio, con esta t\u00e9cnica de maquillaje se obtienen difuminados de gran calidad, un acabado suave, natural, ultra fino pero altamente cubriente, que corrige por completo imperfecciones en la piel sin cambiar la textura [&hellip;]","og_url":"https:\/\/www.indiakabeauty.com\/empresa\/curso-maquillaje-con-aerografo-2\/","og_site_name":"Indiaka Beauty","article_modified_time":"2024-04-29T12:01:19+00:00","og_image":[{"url":"https:\/\/www.indiakabeauty.com\/empresa\/wp-content\/uploads\/2022\/02\/indiaka-beauty-formacion-curso-maquillaje-con-aerografo-aerografia-europa-espana-1024x267.png"}],"twitter_card":"summary_large_image","twitter_misc":{"Tiempo de lectura":"5 minutos"},"schema":{"@context":"https:\/\/schema.org","@graph":[{"@type":"WebPage","@id":"https:\/\/www.indiakabeauty.com\/empresa\/curso-maquillaje-con-aerografo-2\/","url":"https:\/\/www.indiakabeauty.com\/empresa\/curso-maquillaje-con-aerografo-2\/","name":"CURSO MAQUILLAJE CON AER\u00d3GRAFO | Indiaka Beauty","isPartOf":{"@id":"https:\/\/www.indiakabeauty.com\/empresa\/#website"},"primaryImageOfPage":{"@id":"https:\/\/www.indiakabeauty.com\/empresa\/curso-maquillaje-con-aerografo-2\/#primaryimage"},"image":{"@id":"https:\/\/www.indiakabeauty.com\/empresa\/curso-maquillaje-con-aerografo-2\/#primaryimage"},"thumbnailUrl":"https:\/\/www.indiakabeauty.com\/empresa\/wp-content\/uploads\/2022\/02\/indiaka-beauty-formacion-curso-maquillaje-con-aerografo-aerografia-europa-espana-1024x267.png","datePublished":"2022-02-28T15:05:59+00:00","dateModified":"2024-04-29T12:01:19+00:00","breadcrumb":{"@id":"https:\/\/www.indiakabeauty.com\/empresa\/curso-maquillaje-con-aerografo-2\/#breadcrumb"},"inLanguage":"es","potentialAction":[{"@type":"ReadAction","target":["https:\/\/www.indiakabeauty.com\/empresa\/curso-maquillaje-con-aerografo-2\/"]}]},{"@type":"ImageObject","inLanguage":"es","@id":"https:\/\/www.indiakabeauty.com\/empresa\/curso-maquillaje-con-aerografo-2\/#primaryimage","url":"https:\/\/www.indiakabeauty.com\/empresa\/wp-content\/uploads\/2022\/02\/indiaka-beauty-formacion-curso-maquillaje-con-aerografo-aerografia-europa-espana-1024x267.png","contentUrl":"https:\/\/www.indiakabeauty.com\/empresa\/wp-content\/uploads\/2022\/02\/indiaka-beauty-formacion-curso-maquillaje-con-aerografo-aerografia-europa-espana-1024x267.png"},{"@type":"BreadcrumbList","@id":"https:\/\/www.indiakabeauty.com\/empresa\/curso-maquillaje-con-aerografo-2\/#breadcrumb","itemListElement":[{"@type":"ListItem","position":1,"name":"Portada","item":"https:\/\/www.indiakabeauty.com\/empresa\/"},{"@type":"ListItem","position":2,"name":"CURSO MAQUILLAJE CON AER\u00d3GRAFO"}]},{"@type":"WebSite","@id":"https:\/\/www.indiakabeauty.com\/empresa\/#website","url":"https:\/\/www.indiakabeauty.com\/empresa\/","name":"Indiaka Beauty","description":"Academia y Tienda de Maquillaje y Belleza en Alicante","publisher":{"@id":"https:\/\/www.indiakabeauty.com\/empresa\/#organization"},"potentialAction":[{"@type":"SearchAction","target":{"@type":"EntryPoint","urlTemplate":"https:\/\/www.indiakabeauty.com\/empresa\/?s={search_term_string}"},"query-input":"required name=search_term_string"}],"inLanguage":"es"},{"@type":"Organization","@id":"https:\/\/www.indiakabeauty.com\/empresa\/#organization","name":"Indiaka Beauty","url":"https:\/\/www.indiakabeauty.com\/empresa\/","logo":{"@type":"ImageObject","inLanguage":"es","@id":"https:\/\/www.indiakabeauty.com\/empresa\/#\/schema\/logo\/image\/","url":"https:\/\/www.indiakabeauty.com\/empresa\/wp-content\/uploads\/2022\/05\/LOGO-Indiaka-SIN-FONDO.png","contentUrl":"https:\/\/www.indiakabeauty.com\/empresa\/wp-content\/uploads\/2022\/05\/LOGO-Indiaka-SIN-FONDO.png","width":500,"height":500,"caption":"Indiaka Beauty"},"image":{"@id":"https:\/\/www.indiakabeauty.com\/empresa\/#\/schema\/logo\/image\/"}}]}},"_links":{"self":[{"href":"https:\/\/www.indiakabeauty.com\/empresa\/wp-json\/wp\/v2\/pages\/3008","targetHints":{"allow":["GET"]}}],"collection":[{"href":"https:\/\/www.indiakabeauty.com\/empresa\/wp-json\/wp\/v2\/pages"}],"about":[{"href":"https:\/\/www.indiakabeauty.com\/empresa\/wp-json\/wp\/v2\/types\/page"}],"author":[{"embeddable":true,"href":"https:\/\/www.indiakabeauty.com\/empresa\/wp-json\/wp\/v2\/users\/1"}],"replies":[{"embeddable":true,"href":"https:\/\/www.indiakabeauty.com\/empresa\/wp-json\/wp\/v2\/comments?post=3008"}],"version-history":[{"count":65,"href":"https:\/\/www.indiakabeauty.com\/empresa\/wp-json\/wp\/v2\/pages\/3008\/revisions"}],"predecessor-version":[{"id":4499,"href":"https:\/\/www.indiakabeauty.com\/empresa\/wp-json\/wp\/v2\/pages\/3008\/revisions\/4499"}],"wp:attachment":[{"href":"https:\/\/www.indiakabeauty.com\/empresa\/wp-json\/wp\/v2\/media?parent=3008"}],"curies":[{"name":"wp","href":"https:\/\/api.w.org\/{rel}","templated":true}]}}